*p + 20*p = 5*w - 11, 0 = -5*w + 5. Let x be (-5 - -1) + 3 - (1 - p). Give v(x).
2
Let c(u) = 6*u**2 + 14*u - 6. Let i be c(5). Let d = i + -218. Let g(n) = n**3 + 5*n**2 + 6*n + 2. Determine g(d).
-6
Let y(x) = -5*x - 42. Let g(u) = -2*u**2 + 344*u - 3248. Let d be g(10). What is y(d)?
-2
Suppose 0 = -0*u - 30*u + 330. Let j(n) = 13*n - 32*n - 11 + u*n + 9*n. Determine j(17).
6
Let w(f) = 3*f + 5*f**2 + 7*f**2 + 11*f**2 + 23 - 24*f**2. Let b be w(6). Let d(r) = r - 8. Give d(b).
-3
Let i(l) = -l + 4. Let m be i(0). Let o(r) = 8*r + 2*r**3 - 6*r**2 - r**3 - m*r - 4. Let f(p) = -p**2 + 10*p + 304. Let j be f(23). What is o(j)?
-9
Let m(v) = 21962*v**2 - 4 + v**3 - 43911*v**2 + 21945*v**2 + 4*v. What is m(0)?
-4
Let p(k) = -k. Let w(z) = 3*z + 17. Let f(r) = -6*p(r) - w(r). Let y be f(6). Let x be (0 - 7) + 3/y. Let q(m) = 2*m**2 + 5*m - 1. Calculate q(x).
11
Let z(d) be the first derivative of -d**5/120 - d**4/6 - 51*d**3 - 127. Let j(x) be the third derivative of z(x). What is j(-9)?
5
Let a = -212 - -209. Let b(c) = -3*c**2 - 14*c - 9. Let o(r) = -2*r**2 - 9*r - 6. Let q(p) = -5*b(p) + 8*o(p). Determine q(a).
-6
Let t(b) = -2*b**3 - b**2 + b - 2. Let y(j) = -j**3 - 11*j**2 + 12*j - 2. Let z(f) = t(f) - y(f). Give z(8).
40
Let t(n) be the first derivative of -33*n**2 - 22*n - 10573. Calculate t(-3).
176
Let n = 167 + -138. Let w(k) = -2 + n - 4 - 6 + k - 6. What is w(-5)?
6
Let v(b) = -3*b**3 - b**2 + 1. Let x(a) = -36*a - 9. Let c be x(3). Let z be -1 + 6 + -1 - (c - -120). Give v(z).
-3
Let d(o) = o + 8. Let r(a) be the third derivative of -a**4/24 - 3*a**3/2 + 222*a**2. Let p(c) = 2*d(c) + 3*r(c). Calculate p(-8).
-3
Let h(i) be the third derivative of -1/2*i**3 + 1 + 1/20*i**5 + 0*i + 0*i**4 - 70*i**2. Let g = -6 + 9. Determine h(g).
24
Let a(r) = 6*r**2 + 4 - 14*r**3 + 25*r**3 + 32*r - 12*r**3 - 23*r. What is a(7)?
18
Let h(r) = 9*r + 10. Suppose -854*k = -870*k - 64. Give h(k).
-26
Let j(d) = 6*d**2 - 13*d - 9 - 2*d**3 - d + 2*d + d**3 + 21*d. Determine j(7).
5
Suppose 6 + 0 = 3*i. Let r(d) = d**2 + d + 11 + 0*d**i + 0*d**2 - 2*d**2. Suppose -2*v + 2*s + 2*s = -20, 0 = -4*v + 4*s + 20. Calculate r(v).
11
Suppose -4*l + f + 4 = 3*f, -3*l = 5*f - 10. Let c(y) = -y + l*y**3 - y**3 - 55*y**2 + 0*y + 48*y**2. What is c(-7)?
7
Let l(p) = 6*p**3 + p**2 - 2*p - 2. Let h be l(-1). Let m(x) be the first derivative of -24 - 3*x - 1/2*x**2. Calculate m(h).
2
Let i(c) be the first derivative of -c**3/3 + 3*c**2/2 + 18*c - 3852. Give i(5).
8
Let s(p) = 2*p**3 + p**2 + p. Let f be ((-2)/(-5))/(1/(-5)). Let u = -2326 + 2330. Let q be (u - 3)*(f - -1). Calculate s(q).
-2
Let z(o) = -513 + o - 528 + 1047. Give z(-7).
-1
Let g(h) = 57*h + 46*h - 1 - 86*h + 3*h**3 - 2*h**3 - 18*h**2 - 16. Give g(17).
-17
Suppose -5*a - 4*i - 34 = 0, 5*a - 2*a - 15*i + 3 = 0. Let t(c) = -84*c - 503. Give t(a).
1
Let v(f) = -2 - f**2 + 0 + 11201*f - 11204*f. Let g(s) = s**3 - s**2 + s - 3. Suppose 0 = -k + 5*k + 2*m + 10, -4*k + 10 = -2*m. Let o be g(k). Calculate v(o).
-2
Let s be (-2)/(-6) - 4/3. Let v(o) = -o**2 + o - 1. Let b(x) = 440*x - 433*x - 31 + 68 + x**2 - 42. Let n(i) = s*b(i) + 6*v(i). What is n(-1)?
-7
Let d(r) = -r**3 - 4*r**2 + r + 1. Let n(h) = 2*h**3 - 18*h**2 + 27*h + 48. Let p be n(6). Calculate d(p).
67
Let a(l) be the third derivative of l**5/30 - 5*l**4/24 + l**3/2 + 88*l**2. Let p(r) = r**3 - 3*r**2 + 2*r - 2. Let j be p(2). Let s = j - -6. Determine a(s).
15
Suppose 5*r - u - 95 = -63, -u + 3 = 0. Let s(l) = -5*l - 2. Let n(j) = -6*j - 2. Let k(q) = 4*n(q) - 5*s(q). What is k(r)?
9
Let x(d) be the first derivative of -d + 1/4*d**4 + 4*d**2 + 2 + 8/3*d**3. Suppose -4*n - 4 = -2*n - 5*w, 3*n = -3*w - 27. What is x(n)?
-8
Let a be 1/10*2 - (-960)/75. Let c(z) = -a*z + 21*z - 5*z - 4*z + 3. What is c(-3)?
6
Let l(k) = 319 + k**3 + 16*k**2 + 0*k**3 - 339 - 18*k. Let u be 2/((-70)/585) + (-4)/14. Determine l(u).
-3
Let x = -3 - -11. Let l(d) = -2 - 2 - 14*d - 22*d - 7 + 38*d. Calculate l(x).
5
Let k(j) = 7*j - 8. Let c = 164 - 161. Let a be 3/9*3*-24. Let p(g) = g - 1. Let d(s) = a*p(s) + c*k(s). What is d(3)?
-9
Let o(r) = 3 - 6*r - 4066*r**2 + 3*r - 4061*r**2 + 8130*r**2. Give o(-3).
39
Suppose -25 = 40672*g - 40697*g. Let d(w) = -6*w**2 + 2*w - 2. Give d(g).
-6
Let j(s) be the second derivative of s**7/2520 - s**6/60 + 13*s**5/120 - 7*s**4/3 - s**3/3 - 2*s - 74. Let o(d) be the third derivative of j(d). Give o(10).
-7
Let m(y) = -y**3 - y + 1. Suppose -4*u - 5*k = 370, 5*k + 79 + 111 = -2*u. Let g be (-9)/6*u/27. Suppose -7 = g*n - 4*x, -7*n + 10 = -3*n + 2*x. Calculate m(n).
-1
Let p = -65 + 73. Suppose 3*r - p = -10*v + 5*v, 0 = -v - 4*r - 12. Let x(b) = -3*b - 6 + 10*b**3 - v*b**3 - 5*b**3 + 8*b**2 + 10*b. What is x(-7)?
-6
Let y(w) be the second derivative of w**5/20 - w**4/2 + 3*w**2/2 - 5*w. Suppose 3*b + 2*c + 3*c = 0, -b - 7 = 4*c. Let u be ((-18)/15)/((-1)/b). What is y(u)?
3
Let w(u) = -u**2 - 19*u - 32. Let l be w(-15). Let t(j) = 5*j - 153. Let b be t(l). Let c(m) = -m**2 - 13*m - 5. Give c(b).
-5
Let v(j) = j**2 + 10*j - 7. Suppose 2*i = 10, -2*y + 5*y + i = 17. Suppose -3*q + 7*q + 16 = -y*d, q = d + 12. Determine v(d).
-23
Let f(p) = 7*p - 65. Let z be (-200)/(-150) - (-2 - 84/18). What is f(z)?
-9
Let y(o) be the first derivative of o**2/2 - 3*o + 1. Let i(r) = -14*r**2 - 3*r + 2. Let m be i(2). Let l be (-6)/4*(-15)/(m/(-16)). Calculate y(l).
3
Let n = -993 + 993. Let m(b) = -b**2 + b + 60. Calculate m(n).
60
Let o(p) = -p**3 - 3*p**2 + 2*p + 1. Let b be o(-5). Suppose -60 = b*j - 56*j. Let d(n) = -n**3 + 5*n**2 + 4*n - 2. Calculate d(j).
30
Let u(t) be the third derivative of -1/60*t**5 - t**2 - 1/3*t**4 + 0*t + 1/3*t**3 + 0. Let c = -69391 + 69383. What is u(c)?
2
Suppose -5*c = -0*h + 3*h - 109, -5*c = 5*h - 165. Let f be (-6)/4*h/(-2). Let v(x) = f*x**3 - 6 - 20*x**3 - 1. Give v(0).
-7
Suppose -5*o - 8 = -7*o. Let x be (7 + -8)/(2/o). Let p(f) be the first derivative of -f**4/4 - f**3/3 + 2*f + 19. Give p(x).
6
Let n = 497/1014 - -5/507. Let u(b) be the first derivative of 14 - 10*b - n*b**2. Give u(-7).
-3
Let x(c) = -7*c**2 + 5*c + 74. Let s(n) = 9*n**2 - 5*n - 91. Let h(l) = 4*s(l) + 5*x(l). Suppose 4*d + 0*d + 16 = 0. Determine h(d).
2
Let t(k) be the third derivative of 8*k**6/15 + k**4/24 - 5*k**2 - 613. Calculate t(-1).
-65
Let t = -69337 - -98487. Let f(z) = t - 29150 - 11*z + 10*z**2 + z**3. What is f(-11)?
0
Suppose 1603 + 1025 = -146*y. Let x(s) = s**2 + 13*s - 55. What is x(y)?
35
Let r = 17 + 79. Let f(w) = -11*w + w**2 + r - 115 + 0*w - 2*w. Give f(14).
-5
Let b(c) be the second derivative of 9*c**5/10 + c**4/12 + c**3/3 + c**2/2 + 5650*c. Determine b(-1).
-18
Let x(h) = -34*h**3 - 3*h**2 + h + 3. Suppose 4 = 61*f - 63*f, 0 = 2*k + f + 4. What is x(k)?
33
Suppose 6190*p - 12 = 6193*p. Let h(a) = a**3 + 5*a**2 - 5. What is h(p)?
11
Let v(z) = -z - 11. Let u(x) = -x**2 - 3*x + 9. Suppose -2*t = w + 5, 0 = -2*w - 3*t - 0*t - 10. Let m be u(w). Let r be (6 - 3) + (-9 - m). What is v(r)?
-6
Suppose -8 = 2*d - 3*v, -5*v + 8 = -12. Let z(m) = m**d - 21 + 39 + 6*m - 12. Determine z(-5).
1
Let l(f) = 2*f - 3. Let r be (4/(-10))/(11/(-1155)). Suppose 17*a = 20*a - r. Suppose 8*v - a*v - 24 = 0. What is l(v)?
-11
Let v(t) = -37*t**2 + 36*t - 106. Let a(f) = -6*f**2 + f - 1. Let r(m) = -6*a(m) + v(m). Calculate r(4).
4
Let p(t) = -13 + 9 - 1 + 3*t + 7. Let c be p(0). Let k(b) = 4*b**2 - 2 - 2*b**c - 5*b**2 + b. Determine k(2).
-12
Suppose 3*k + 6*k + 8*k - 102 = 0. Let w(h) = -h**3 + 8*h**2 - 3*h + 12. Determine w(k).
66
Let b(r) = 9*r + 24. Let n(o) = 1. Let h(s) = b(s) - 5*n(s). Let j(l) = -5*l - 9. Let a(i) = 6*h(i) + 11*j(i). Suppose 14*f = 95 + 59. Calculate a(f).
4
Let p be (221/34 - 8)*(-4)/2 + -9. Let r(f) = -f**2 - 3*f + 42. Determine r(p).
24
Let l be 2*2 + (3 - 5). Suppose -4 = l*j, 4*b + j - 6*j = 10. Suppose b = 4*p - 5*p + 6. Let z(x) = 3*x - 3. Determine z(p).
15
Let r = -15 - -15. Let t be 6 + (r - 0/(-4)). Let v(j) = -14*j + 17. Let h(b) = -5*b + 6. Let x(p) = -8*h(p) + 3*v(p). What is x(t)?
-9
Let d(c) = c + 4. Let t(l) = -4*l + 24. Suppose 0 = -5*h + 4*g - 6 + 52, 4*g = 4*h - 40. Let s be t(h). Calculate d(s).
4
Let n(b) be the first derivative of 3*b**4/4 + 26771. Let z be -2*2/4 - 0. Give n(z).
-3
Let k = 